000
What is -67 (base 15) in base 12?
-81
Convert -122102 (base 3) to base 6.
-2102
-113300 (base 4) to base 3
-2002022
-176a (base 11) to base 3
-10002111
Convert 15a8 (base 11) to base 5.
31204
68d (base 15) to base 2
10111001011
32eb (base 15) to base 2
10101000101100
-1a9 (base 15) to base 11
-31a
Convert -6db (base 14) to base 10.
-1369
Convert 306 (base 8) to base 10.
198
What is -1123031 (base 4) in base 14?
-21ad
Convert -11011111 (base 2) to base 5.
-1343
What is 343 (base 11) in base 14?
214
Convert -30541 (base 8) to base 7.
-51566
Convert -2192a (base 11) to base 15.
-9609
Convert -264 (base 14) to base 16.
-1e0
What is -1214003 (base 5) in base 10?
-23003
What is 18c (base 13) in base 14?
165
What is -5744 (base 9) in base 7?
-15253
Convert -1622 (base 16) to base 3.
-21202212
What is 14d (base 16) in base 9?
410
What is -25b (base 16) in base 4?
-21123
-98c (base 14) to base 2
-11101100000
Convert 389 (base 11) to base 9.
561
What is 22202221 (base 3) in base 15?
1d67
Convert 21a (base 13) to base 14.
1bb
What is -6da (base 16) in base 10?
-1754
What is 1756 (base 10) in base 14?
8d6
Convert 15cb (base 13) to base 8.
6211
-10202 (base 3) to base 16
-65
What is 2813 (base 10) in base 3?
10212012
Convert -1011100010 (base 2) to base 5.
-10423
What is -1159 (base 11) in base 16?
-5ec
What is 3121 (base 4) in base 2?
11011001
Convert -2105 (base 6) to base 7.
-1244
747 (base 10) to base 2
1011101011
Convert -5013 (base 7) to base 6.
-11553
What is 271 (base 15) in base 2?
1000101100
What is -24b (base 13) in base 10?
-401
Convert -121321 (base 4) to base 3.
-2021101
Convert 6801 (base 12) to base 13.
5323
What is 2011113 (base 5) in base 15?
9758
What is -567 (base 13) in base 8?
-1642
Convert -3d3 (base 16) to base 8.
-1723
What is -26103 (base 8) in base 7?
-45015
-10100100 (base 2) to base 12
-118
-38386 (base 9) to base 2
-110010011101100
What is 1145 (base 7) in base 9?
522
What is -220f (base 16) in base 7?
-34264
Convert 142540 (base 7) to base 4.
12223222
What is -201453 (base 6) in base 14?
-5b4d
Convert 1066 (base 8) to base 2.
1000110110
What is 20102222 (base 3) in base 11?
3590
What is 1100011111 (base 2) in base 9?
1077
-1270 (base 8) to base 4
-22320
-6567 (base 11) to base 3
-102212220
1648 (base 12) to base 4
221120
Convert -24720 (base 8) to base 2.
-10100111010000
What is -3215 (base 10) in base 9?
-4362
Convert 11220 (base 3) to base 12.
b0
What is 1100100010111000 (base 2) in base 8?
144270
What is -6c7 (base 15) in base 10?
-1537
Convert -8f (base 16) to base 13.
-b0
What is -28749 (base 10) in base 7?
-146550
What is -15463 (base 9) in base 12?
-6163
What is 10586 (base 10) in base 12?
6162
-ecd (base 16) to base 9
-5170
What is -a23d (base 14) in base 11?
-19a52
-2335 (base 8) to base 3
-1201010
32313003 (base 4) to base 14
18279
-317 (base 10) to base 4
-10331
Convert 2020002 (base 3) to base 14.
83c
Convert -c7 (base 15) to base 13.
-115
Convert 203 (base 9) to base 7.
324
Convert 134344 (base 6) to base 9.
18331
326342 (base 7) to base 11
3a195
-1311012 (base 5) to base 14
-955b
Convert -142343 (base 6) to base 15.
-401c
Convert -7134 (base 11) to base 12.
-5597
556 (base 10) to base 6
2324
What is -10c57 (base 15) in base 10?
-53407
What is 510 (base 11) in base 5?
4431
40325 (base 6) to base 12
30a5
Convert 23003 (base 8) to base 6.
113015
-100343 (base 7) to base 2
-100001001011001
Convert -5bb3 (base 15) to base 2.
-100110000111110
-11111 (base 6) to base 7
-4351
110110100 (base 2) to base 4
12310
Convert 23412 (base 9) to base 14.
59b6
831 (base 10) to base 6
3503
What is -29a2 (base 11) in base 4?
-330113
Convert -257 (base 11) to base 10.
-304
Convert 172 (base 11) to base 4.
3020
What is 114424 (base 5) in base 14?
183a
Convert -3576 (base 14) to base 4.
-2101210
What is 4005 (base 7) in base 16?
561
55401 (base 6) to base 12
4561
2021100 (base 3) to base 7
4554
What is -110232 (base 4) in base 2?
-10100101110
What is 102310 (base 5) in base 10?
3455
What is -47 (base 11) in base 16?
-33
Convert 111011000000011 (base 2) to base 11.
20775
Convert 40110 (base 6) to base 15.
1836
What is 12212 (base 3) in base 5?
1113
What is -6d1d (base 15) in base 5?
-1220303
133120 (base 4) to base 14
a36
Convert -b4b8 (base 12) to base 14.
-728c
-c1c (base 13) to base 5
-31203
Convert -1275 (base 8) to base 16.
-2bd
13033 (base 5) to base 12
70a
101010 (base 3) to base 16
111
Convert 772 (base 13) to base 10.
1276
1132 (base 11) to base 10
1487
What is 106b (base 15) in base 5?
102401
What is -20856 (base 10) in base 11?
-14740
What is -2222131 (base 4) in base 6?
-122301
-1061 (base 14) to base 13
-1398
4229 (base 15) to base 10
13989
What is 101111010110000 (base 2) in base 6?
304120
What is -121202 (base 3) in base 11?
-381
Convert -c3b2 (base 15) to base 11.
-29074
Convert 112122 (base 4) to base 12.
9b6
-3310 (base 8) to base 5
-23421
Convert acbb (base 15) to base 10.
36626
Convert 10110000111 (base 2) to base 5.
21130
Convert -1010001010 (base 2) to base 15.
-2d5
13034 (base 5) to base 11
847
-122200 (base 3) to base 15
-21c
Convert -19b (base 12) to base 10.
-263
Convert -100000222 (base 3) to base 5.
-202322
Convert -87c (base 13) to base 12.
-a13
What is -10010010101 (base 2) in base 13?
-6c3
What is 133040 (base 5) in base 7?
21505
What is 25361 (base 9) in base 6?
211001
Convert 765 (base 16) to base 3.
2121010
Convert -10110000111 (base 2) to base 7.
-4061
What is 212111 (base 3) in base 9?
774
Convert 1400 (base 5) to base 13.
144
-182 (base 16) to base 9
-468
What is -17040 (base 8) in base 16?
-1e20
Convert 1998b (base 14) to base 4.
33313213
Convert 318 (base 11) to base 13.
235
-27131 (base 8) to base 12
-6a49
1314242 (base 5) to base 7
136243
What is -14607 (base 9) in base 5?
-304340
da7 (base 15) to base 5
44312
330 (base 13) to base 7
1410
What is -41023 (base 7) in base 12?
-5924
-1100010111 (base 2) to base 6
-3355
-2121 (base 10) to base 7
-6120
What is -58 (base 10) in base 6?
-134
What is -3a117 (base 11) in base 8?
-160034
What is 1320 (base 5) in base 13?
132
Convert 24231 (base 5) to base 16.
718
What is -101010101111 (base 2) in base 3?
-10202022
What is -12ed (base 16) in base 13?
-2289
Convert 7504 (base 8) to base 9.
5322
What is -11233011 (base 4) in base 13?
-a902
What is -666 (base 16) in base 3?
-2020200
What is -1bbc (base 14) in base 8?
-11712
What is -1011142 (base 5) in base 16?
-4026
What is 3122312 (base 4) in base 13?
64b5
What is 100011001000 (base 2) in base 3?
10002021
Convert -51763 (base 8) to base 2.
-101001111110011
What is 21202 (base 4) in base 10?
610
Convert acc (base 13) to base 11.
143a
What is -20201 (base 4) in base 13?
-32c
166544 (base 8) to base 13
2187a
Convert -71 (base 16) to base 6.
-305
What is -1166 (base 16) in base 4?
-1011212
Convert 546 (base 9) to base 3.
121120
1024303 (base 5) to base 4
10100231
What is -36336 (base 11) in base 10?
-52311
-100a (base 14) to base 5
-42004
-179 (base 15) to base 2
-101010011
What is 55523 (base 6) in base 14?
2b7d
252 (base 15) to base 11
43a
What is 10231004 (base 5) in base 14?
2369d
11011100000 (base 2) to base 9
2365
Convert 43c1 (base 14) to base 5.
333413
Convert -2074 (base 9) to base 11.
-1167
-1115321 (base 6) to base 4
-31321201
Convert 11002111 (base 3) to base 10.
2983
What is 5a (base 14) in base 5?
310
-1666b (base 12) to base 10
-32051
5da2 (base 14) to base 5
1011120
What is -1772 (base 10) in base 15?
-7d2
What is 1001111001 (base 2) in base 12?
449
25c3 (base 14) to base 8
14757
Convert -3323 (base 8) to base 3.
-2101201
-62e6 (base 16) to base 7
-133546
30522 (base 8) to base 4
3011102
-137565 (base 8) to base 14
-13c0d
What is -15323 (base 6) in base 11?
-1972
What is 30a4 (base 12) in base 16?
14bc
-573 (base 8) to base 3
-112001
Convert -11070 (base 9) to base 15.
-22a3
-222310 (base 6) to base 5
-1044230
Convert -22012 (base 3) to base 6.
-1005
Convert -233 (base 15) to base 10.
-498
What is 70a (base 11) in base 2?
1101011001
Convert 16c (base 13) to base 3.
100121
Convert 21234 (base 7) to base 14.
1cc4
Convert -96 (base 15) to base 9.
-166
What is -3701 (base 13) in base 12?
-45bb
Convert 1313120 (base 5) to base 3.
1022201021
-10132132 (base 4) to base 5
-1041314
-21001321 (bas